y 44 - (-1)/3*0.
43
Let o(j) = j**3 - 47*j**2 + 141. What is the remainder when 1264 is divided by o(47)?
136
What is the remainder when 225 is divided by 4/(12/(-9)) - (10 + -18)?
0
Suppose -3*p + 5 = -10, 2*p = -3*d + 169. Let c be ((-3)/(-2) + 4)*4/1. Let n = 50 - c. Calculate the remainder when d is divided by n.
25
Suppose -x = -f - 7, -3*x - 11 = -0*f + 5*f. Let k(r) = 27*r - 24. Let q be k(4). Suppose -q = -0*l - 7*l. What is the remainder when l is divided by x?
0
Calculate the remainder when 656 is divided by 0 + 5 - (3 - 0 - 6).
0
Let s be 1*(1/(-2) - (-174)/(-4)). Let x = 25 - s. Let w = 122 - x. What is the remainder when w is divided by 14?
11
Let n(z) = -z**3 + 18*z**2 + z + 16. Suppose -4*a + 74 = 3*m - 8*a, -110 = -5*m + 4*a. Calculate the remainder when 270 is divided by n(m).
32
Let q(p) = -23*p - 525. What is the remainder when q(-46) is divided by 7?
1
Suppose -3*o + 10*y + 62 + 49 = 0, 132 = 5*o + y. Calculate the remainder when 1792 is divided by o.
10
Let f(t) = 284*t + 660. Calculate the remainder when f(12) is divided by 11.
9
Let o(n) = 15*n + 2512. Calculate the remainder when o(0) is divided by 180.
172
Suppose 9*k - 448 = 263. Suppose 77*g = k*g - 94. Calculate the remainder when g is divided by 21.
5
Let s(h) = h**2 + 13*h + 66. Let i(w) = -w**3 + 2*w - 12. What is the remainder when i(-5) is divided by s(-10)?
31
Suppose 4*l + 61*v = 65*v + 464, -439 = -4*l - v. Let o = l - 103. What is the remainder when 18 is divided by o?
2
Suppose -26 - 2 = 7*d. Let l be 68 + (-6 - -3) - d. Suppose l*r = 70*r - 24. Calculate the remainder when 68 is divided by r.
20
Let r = 12821 - 283. Calculate the remainder when r is divided by 66.
64
Suppose -3*m = -t - 5 - 2, 0 = -m + 4. Let s(f) = -280*f - 4. Let i be s(1). Let q = -265 - i. Calculate the remainder when q is divided by t.
4
Calculate the remainder when (45/(-12))/((-1403)/200 - -7) is divided by 125.
0
Let u = -4 + 19. Suppose 28*z = -5*t + 30*z + 59, 0 = 3*t + 5*z - 54. Let b = t + u. Calculate the remainder when 139 is divided by b.
27
Suppose -a = 4*t - 1, 6 = -3*a - 5*t + 2. Let l be (-1)/(1 - (18/4 + a)). Suppose -l*b + 24 = -62. Calculate the remainder when b is divided by 16.
11
Suppose 2040 = 48*v - 24*v. Calculate the remainder when v is divided by 68.
17
Let s = 606 - 573. Calculate the remainder when 129 is divided by s.
30
Let q(a) = 5*a**2 + 7*a - 10. Let k be q(-12). Suppose -d + k = 312. What is the remainder when d is divided by 45?
44
Suppose 2*n - k = 237, 2*n + k - 228 = 5*k. What is the remainder when n is divided by 52?
16
Suppose -3*c - 180 = -2*z, 5*z + 27*c = 23*c + 427. What is the remainder when z is divided by 19?
11
Suppose 0 = -65*l + 68*l - 243. Let p = l + -72. Calculate the remainder when 77 is divided by p.
5
Let w(l) = l**2 - 3*l + 2. Let z = 356 + -192. Let j = z + -46. Calculate the remainder when j is divided by w(5).
10
Suppose 35*b - 28*b - 1715 = 0. Suppose -3*n - 5*x = -b, -8*n + 4*x - 91 = -9*n. Calculate the remainder when n is divided by 39.
36
Let t(d) = d**3 - 5*d**2 + 3*d + 9. Let w(q) = q**2 + 23. What is the remainder when w(-8) is divided by t(5)?
15
Suppose -3*j + 3*v + 275 - 245 = 0, 0 = -3*j + 2*v + 29. What is the remainder when 837 is divided by j?
0
Let m = -60 + 106. Suppose -2*i + 4*c = 0, 0 = -i - 0*i + 4*c - 8. Calculate the remainder when m is divided by i.
6
Calculate the remainder when ((-5 - 34/(-3))*-3)/((-1)/22) is divided by 147.
124
Let r = -307 + 335. Suppose 6*n - 109 = 167. Calculate the remainder when n is divided by r.
18
Suppose -6*b + 4*b = -v + 3856, -b - 19298 = -5*v. Calculate the remainder when v is divided by 28.
24
Let m = -9 - -2. Let b(k) be the second derivative of -k**4/12 - 7*k**3/3 - k**2 + 1875*k. Calculate the remainder when 185 is divided by b(m).
44
Let u = -104 + 117. Let w = -998 - -647. Calculate the remainder when (-4)/10 + w/(-15) is divided by u.
10
Suppose 0 = -h + 1 - 3, -h + 70 = 4*w. Let r(o) = o**3 - 3*o**2 - 23*o + 108. Calculate the remainder when r(4) is divided by w.
14
Suppose -3*l + 3 - 11 = -x, -9 = 3*l. Let r(c) = -5*c**2 + 137*c - 40. Calculate the remainder when (-1 - x/(-1)) + 41 is divided by r(27).
11
Let a(s) = 18*s - 617. What is the remainder when a(43) is divided by 54?
49
Let l(x) = 2*x**3 - 150*x + 52. What is the remainder when l(10) is divided by (-3)/6*(0 + -5*6)?
12
Let d = 151 + -150. Let x = 52 + -49. Calculate the remainder when x is divided by d.
0
Let g be 2/((12/46)/(-3)). Let y = -2028 - -2053. Let m = g + y. Calculate the remainder when 8 is divided by m.
0
Let c = -567 - -1031. Let k = c + -442. What is the remainder when 197 is divided by k?
21
Let p(j) = 211*j**3 - 2*j**2 - 8*j + 9. Let d be p(1). Let k = d + -204. What is the remainder when 58 is divided by k?
4
Let x = 6560 + -3297. What is the remainder when x is divided by 46?
43
Let f(q) = -q**3 + 11*q**2 - 14*q + 43. Let d be f(10). What is the remainder when 200 - 6/(-4)*6/d is divided by 51?
50
Let w(f) = -558*f - 2206. Let q(o) = -o**2 - o + 75. What is the remainder when q(0) is divided by w(-4)?
23
Suppose 973 - 3387 = -34*t. Calculate the remainder when 1132 is divided by t.
67
Let y(d) = 9*d - 10. Let n = 173 + -156. What is the remainder when y(n) is divided by 48?
47
Suppose 0 = -j - 5*j + 54. Suppose 0 = j*p + 4*p - 143. What is the remainder when p is divided by 7?
4
Let a = -31315 + 35064. What is the remainder when a is divided by 150?
149
Suppose -2*w = -3*w - 28. Let k(u) = 9*u - 57. Calculate the remainder when k(7) is divided by w/(-12) - (-2)/(-6).
0
Suppose -67*u + 96880 = 106*u. Calculate the remainder when u is divided by 225.
110
Let l(o) = -o + 5. Let w be l(8). Let z(d) = -d**3 - d + 2. What is the remainder when z(w) is divided by 10?
2
Let i = 6082 + -5601. Calculate the remainder when i is divided by 158.
7
Let q(f) be the third derivative of -f**5/60 - 5*f**4/6 - 35*f**3/6 - 51*f**2. Calculate the remainder when q(-17) is divided by 15.
1
Suppose -6*p + 2139 = -5*p - 4*g, 0 = -2*g + 8. Calculate the remainder when p is divided by 712.
19
Let b = -91 + 127. Suppose 3*t - 78 = 4*i + b, -33 = -t + 3*i. What is the remainder when t is divided by 24?
18
Let v be ((-6)/10 + 39/65)/(-4). Suppose l - 2 = -0. Suppose l*u - 124 = -5*n, 3*u + v*u = 4*n - 113. What is the remainder when n is divided by 6?
2
Let j(z) = z**2 + 5*z + 2. Let a be j(-4). Let t(y) = y**3 - 10*y**2 + 22*y - 47. Let h be t(7). Calculate the remainder when 27 is divided by (h/12)/(a/6).
7
Suppose g = o + 411, -o + 861 = 2*g - 6*o. Let t = -5 - -30. What is the remainder when g is divided by t?
23
Let o be ((-41)/12*-9)/((-12)/(-128)). Let v = o - 187. Calculate the remainder when v is divided by 36.
33
Suppose 0 = -2*i + 149 - 23. Let x(q) = q**3 + 5*q**2 - 4*q - 6. Let t be x(-6). Calculate the remainder when i is divided by -99*3/t*2.
30
Let y = -10403 - -10594. Calculate the remainder when 393 is divided by y.
11
Let l(s) = -s**2 - 16*s + 16. Let q be -2 + (-4)/(-3) + (-238)/21. Let n be l(q). Let u = n + -34. What is the remainder when u is divided by 17?
13
Let s(b) = -b**2 - 51*b - 49. Calculate the remainder when s(-20) is divided by 123.
79
Suppose -i = 4*h - 67, -2*h = i - 127 + 90. Calculate the remainder when 4409 is divided by h.
14
Suppose v + 19 = 20*v. What is the remainder when 46 is divided by (142 + -2)/10 + (v - -1)?
14
Let x(a) = 6*a**2 + 5*a - 4. Let d = -23185 - -23232. Calculate the remainder when x(-6) is divided by d.
41
Let t(o) = -o**3 + 10*o**2 - 6*o - 7. Let n(q) = 4*q**2 + 124*q + 13. What is the remainder when t(6) is divided by n(0)?
10
Suppose -2*x + 17*u = 16*u - 9, -3*u - 3 = 0. Calculate the remainder when 104 is divided by 27/(-15)*(x - 76/4).
23
Let n = -3330 + 3336. Calculate the remainder when 742 is divided by n.
4
Suppose -1813*k - 398*k = 41042 - 441233. Let s(t) = -t**3 + 5*t**2 - 2*t - 4. Calculate the remainder when k is divided by s(3).
5
Suppose -4*z - 1092 = 4*n - 1472, -2*z = -3*n - 150. Calculate the remainder when 9393 is divided by z.
84
Let u be (-495)/66*(-2)/5. Suppose 2*o - 6*o + 181 = -5*b, -3*o = -u*b - 135. Calculate the remainder when o is divided by 10.
4
Let q(s) = -s**3 + 8*s**2 + 13*s - 15. Let i be q(9). Let y be (12/(-1